vert -44d (base 16) to base 6.
-5033
Convert -121013 (base 6) to base 9.
-15470
-2dd (base 14) to base 5
-4322
-7207 (base 8) to base 13
-1901
Convert 1789 (base 10) to base 14.
91b
-1174 (base 9) to base 12
-611
What is -a6b0 (base 16) in base 13?
-16566
Convert 1212200222 (base 3) to base 16.
9062
101001010101110 (base 2) to base 12
102ba
What is 101010010110110 (base 2) in base 3?
1002202012
-4a55 (base 14) to base 4
-3023103
Convert -276d (base 15) to base 14.
-3100
Convert -278 (base 9) to base 15.
-108
Convert -1008 (base 11) to base 2.
-10100111011
Convert 35 (base 7) to base 6.
42
What is -1401 (base 5) in base 16?
-e2
10010111101011 (base 2) to base 3
111022112
-9618 (base 10) to base 9
-14166
What is 20221 (base 4) in base 7?
1420
Convert 1011100000001 (base 2) to base 4.
1130001
What is -708 (base 16) in base 11?
-1397
Convert 723 (base 14) to base 15.
638
What is 20103000 (base 4) in base 5?
2041414
Convert 486 (base 13) to base 16.
312
What is -6240 (base 10) in base 12?
-3740
24144 (base 7) to base 2
1100001101111
Convert 112052 (base 6) to base 14.
3692
Convert 100101110 (base 2) to base 7.
611
Convert 1158 (base 16) to base 8.
10530
What is -16254 (base 9) in base 3?
-120021211
Convert -450152 (base 6) to base 15.
-b252
-2201302 (base 4) to base 3
-112012111
2110334 (base 5) to base 6
430250
What is -110310 (base 5) in base 8?
-7366
What is 1b58 (base 14) in base 6?
35014
Convert 3a5 (base 11) to base 3.
122201
What is -3cb3 (base 13) in base 5?
-240030
What is 180 (base 13) in base 4?
10101
-10001011000010 (base 2) to base 8
-21302
What is -22310 (base 4) in base 14?
-376
9a0 (base 12) to base 4
112020
Convert 41 (base 7) to base 11.
27
-5106 (base 13) to base 3
-120022100
Convert -2401 (base 9) to base 15.
-7dd
Convert 789c (base 14) to base 5.
1132124
Convert 2776 (base 8) to base 5.
22114
What is 20011020 (base 3) in base 15?
14e3
Convert -721 (base 9) to base 3.
-210201
What is 67713 (base 10) in base 12?
33229
What is 15a (base 13) in base 9?
301
Convert -41124 (base 8) to base 3.
-212021220
2010020 (base 3) to base 8
3011
What is 234346 (base 8) in base 10?
80102
What is 195 (base 10) in base 8?
303
Convert 5d2a (base 16) to base 6.
302230
Convert 4374 (base 10) to base 2.
1000100010110
Convert 500 (base 8) to base 11.
271
What is 11001 (base 4) in base 15?
166
-11020 (base 7) to base 13
-1342
-1305 (base 9) to base 4
-33101
What is -555 (base 8) in base 9?
-445
1249b (base 13) to base 11
23400
What is 282 (base 16) in base 14?
33c
Convert 8a70 (base 12) to base 3.
210001110
What is 40270 (base 8) in base 9?
24648
Convert 128 (base 10) to base 3.
11202
What is 3218 (base 12) in base 7?
22004
What is 4530 (base 16) in base 15?
53ac
Convert -1122202122 (base 3) to base 13.
-11b13
What is -424021 (base 5) in base 7?
-56402
-3076 (base 8) to base 5
-22343
What is 2507 (base 10) in base 12?
154b
What is 2824 (base 10) in base 4?
230020
Convert 30a5 (base 12) to base 4.
1102331
2514 (base 8) to base 14
6cc
Convert -b8b (base 15) to base 4.
-220232
Convert 67c (base 13) to base 10.
1117
2964 (base 11) to base 8
7355
Convert -eb18 (base 16) to base 7.
-340315
Convert 2820 (base 11) to base 13.
187c
-96a (base 11) to base 12
-811
Convert 5c55 (base 15) to base 8.
46307
Convert 1134 (base 10) to base 16.
46e
Convert 4487 (base 11) to base 16.
170f
3b61 (base 14) to base 15
3183
132342 (base 8) to base 12
2296a
What is -51 (base 11) in base 8?
-70
2a8 (base 15) to base 14
316
What is -167 (base 16) in base 8?
-547
Convert -63a9 (base 11) to base 12.
-4a98
726 (base 8) to base 12
332
Convert 87c (base 13) to base 8.
2657
What is 20000112 (base 3) in base 16?
1124
-33cc (base 15) to base 14
-4012
15c5 (base 16) to base 13
26c9
Convert 140143 (base 6) to base 4.
3023133
-222302 (base 6) to base 7
-105323
What is 20212 (base 4) in base 11?
460
Convert -93 (base 14) to base 6.
-333
120333 (base 4) to base 14
823
Convert 775 (base 14) to base 4.
113003
What is -1022200 (base 3) in base 9?
-1280
-11033202 (base 4) to base 3
-1002110100
Convert 2100031 (base 4) to base 16.
240d
Convert 30003 (base 5) to base 15.
853
What is -78 (base 14) in base 6?
-254
Convert 2222021 (base 3) to base 13.
ca9
What is 577 (base 8) in base 6?
1435
What is 143356 (base 7) in base 3?
1101220021
-2618 (base 10) to base 4
-220322
What is -1000010000010 (base 2) in base 6?
-31322
-21100202 (base 3) to base 16
-14f6
What is -292 (base 10) in base 7?
-565
What is -10101002 (base 3) in base 13?
-1172
Convert -11054 (base 6) to base 12.
-a8a
What is 2011102222 (base 3) in base 5?
2330410
What is 11242 (base 5) in base 6?
3450
Convert 400416 (base 7) to base 6.
1240113
-11364 (base 9) to base 5
-220331
-202110221 (base 3) to base 4
-3221101
Convert -1b3b1 (base 12) to base 14.
-10993
Convert -45240 (base 10) to base 3.
-2022001120
1000001001000010 (base 2) to base 12
1736a
Convert -95 (base 12) to base 6.
-305
-1100001010 (base 2) to base 9
-1054
Convert 720 (base 9) to base 15.
290
What is 744 (base 14) in base 12?
9b4
Convert -17925 (base 12) to base 5.
-2043112
3333332 (base 4) to base 9
24422
Convert -17688 (base 9) to base 5.
-342410
What is 121011 (base 3) in base 16?
1b4
What is -191 (base 10) in base 13?
-119
Convert 15314 (base 8) to base 11.
5177
Convert c10b (base 16) to base 9.
74710
Convert -13d2 (base 16) to base 13.
-2404
Convert 308 (base 15) to base 8.
1253
Convert -2767 (base 13) to base 10.
-5662
What is -707 (base 12) in base 4?
-33313
What is -2002 (base 14) in base 12?
-3216
What is -1fbe (base 16) in base 5?
-230001
What is -200 (base 5) in base 6?
-122
What is -7451 (base 13) in base 3?
-211010002
24241 (base 5) to base 6
12233
Convert -1414343 (base 6) to base 2.
-10011100010110111
What is 1680 (base 9) in base 11?
a70
What is -7391 (base 12) in base 6?
-134301
Convert 110100110 (base 2) to base 7.
1142
Convert 4031 (base 5) to base 2.
1000000100
110111111111 (base 2) to base 10
3583
-1940 (base 14) to base 11
-347a
-3035 (base 7) to base 2
-10000011111
What is -22121322 (base 4) in base 5?
-2330433
Convert b20 (base 13) to base 12.
1111
Convert 3000 (base 7) to base 13.
612
Convert -2163 (base 10) to base 14.
-b07
3063 (base 8) to base 12
b03
What is -36002 (base 8) in base 16?
-3c02
Convert 78 (base 12) to base 11.
84
-20201121 (base 3) to base 12
-2a07
-1772 (base 13) to base 2
-110110010001
What is 12122222 (base 3) in base 16?
1022
-5001 (base 9) to base 12
-213a
What is -1300 (base 7) in base 9?
-604
Convert 107 (base 11) to base 14.
92
Convert 1cac (base 13) to base 2.
1000100001111
-433 (base 9) to base 7
-1014
Convert -22553 (base 6) to base 15.
-e5c
What is -154302 (base 6) in base 15?
-47a5
Convert 2a314 (base 11) to base 7.
236164
Convert -7a5 (base 16) to base 6.
-13021
Convert -2987 (base 14) to base 11.
-55a1
What is 20 (base 3) in base 12?
6
What is 0 (base 7) in base 10?
0
What is -2701 (base 13) in base 2?
-1010111001010
-5406 (base 10) to base 7
-21522
Convert 66023 (base 7) to base 10.
16481
Convert 122bd (base 15) to base 9.
87507
Convert 7208 (base 9) to base 15.
1868
What is -2ba (base 13) in base 3?
-200012
-441 (base 6) to base 10
-169
Convert 3a7c (base 13) to base 8.
20300
-3639 (base 11) to base 16
-1299
Convert -10658 (base 12) to base 4.
-11102210
1010010010100110 (base 2) to base 6
523050
What is 23245 (base 6) in base 5?
101331
What is 11506 (base 11) in base 15?
4da8
2545 (base 8) to base 7
4012
Convert 45136 (base 8) to base 6.
224050
Convert 1304321 (base 5) to base 6.
314242
Convert -2224 (base 8) to base 5.
-14142
-220332 (base 4) to base 9
-3533
What is -3b1 (base 13) in base 2?
-1010001011
What is -1121 (base 4) in base 2?
-1011001
Convert 2093 (base 10) to base 4.
200231
What is -211220 (base 3) in base 14?
-322
Convert -124 (base 11) to base 4.
-2103
Convert -203 (base 15) to base 11.
-382
What is 210 (base 10) in base 4?
3102
What is -1010 (base 7) in base 13?
-20c
-11153 (base 7) to base 10
-2831
Convert 4f9 (base 16) to base 15.
59d
16034 (base 10) to base 13
73b5
-10220 (base 4) to base 16
-128
What is -30002221 (base 4) in base 11?
-34068
What is -55207 (base 8) in base 16?
-5a87
Convert -2574 (base 16) to base 9.
-14133
Convert -12638 (base 9) to base 4.
-2011130
20141 (base 7) to base 3
202